a prime number?
False
Suppose -j + 2*j - 239 = -3*q, -4*q - 2*j + 316 = 0. Suppose 0 = -2*k + 577 + q. Is k composite?
True
Let t(s) = -16*s**3 - 7*s**2 - s - 7. Let q(f) = 2*f**2 - 18*f - 5. Let h be q(9). Is t(h) prime?
True
Let i(r) = r**2 - 5*r + 5. Let p be i(5). Suppose 3*j - 33 + 12 = 3*h, p*j + 2*h = 0. Suppose -j*b = 3*b - 5, 656 = 3*k + 2*b. Is k a composite number?
True
Suppose -f + 16 = -9. Let t = f - 27. Let l(j) = -7*j**3 + 3*j**2 - j - 3. Is l(t) prime?
True
Let z(m) = m**3 - 8*m**2 + 3. Let j be z(8). Suppose 245 = j*g - 4*o, -154 = 2*g - 4*g - 2*o. Is g a prime number?
True
Suppose 4*i = -93 + 13. Let d(h) = -2*h - 28. Let r be d(i). Is 3770/15 + (-4)/r prime?
True
Let s be 9/(-12) - 2*1718/(-16). Suppose -8*g + s + 130 = 0. Is g composite?
False
Is 953 + 9/((-18)/(-10)) prime?
False
Is 110 - (1 + 0/(-1)) a composite number?
False
Suppose 13*b + 2*b + 23970 = 0. Let o = b - -2857. Is o a composite number?
False
Suppose -4*k + 2 + 8 = 3*z, z + 1 = 3*k. Suppose 0 = 3*n + z*n - 1330. Suppose a + n = 4*l + l, l + 5*a = 48. Is l prime?
True
Let a = -22 - -43. Suppose -2*h = -4*i - 6, -h = -2*i + 6*i - a. Is (-21498)/(-18) - (-6)/h prime?
False
Suppose -5 = 5*i, v - 4*i = 6*v - 46681. Is v a composite number?
False
Suppose -4*z + 153 = d, 4 = -0*z + z. Let n = 154 + d. Is n a prime number?
False
Let o(l) = 3*l**2 + 1. Suppose -4*v + 4*u = 4, 4*u - 5 = 5*v - 0*u. Let q be o(v). Suppose -5*j + 73 = q*n - 1560, 3*n = -5*j + 1226. Is n a prime number?
False
Let w = 24123 - 15397. Is w prime?
False
Suppose 0 = -7*t + 153 + 666. Let g = -71 + t. Is g composite?
True
Let n be (-12)/(-3)*1 + -2. Suppose r = -3*r - 2*w - n, 2*r + 5*w = -5. Suppose -2*l = -r*l - 178. Is l a composite number?
False
Suppose 3 = -3*f + 6. Let t be 2*f + (-494)/(-1). Is t + (0 + 4 - 3) a prime number?
False
Let s = -21 + 26. Suppose 0 = s*f + 1064 - 219. Let d = f + 258. Is d composite?
False
Let z be (-12)/27*6*16122. Is 2/(-15) + z/(-240) a prime number?
True
Let r be -1 + -1 + 4 + -2. Suppose 130 = -r*l - 5*l. Is l/(-1) - 3/1 composite?
False
Let g be -2 - (-18)/(-3)*-1. Suppose t - 3*c - 168 - 512 = 0, g*t + 3*c = 2765. Is t prime?
False
Suppose 3*f = -2*f + 320. Suppose -f = b + 220. Let n = b + 495. Is n prime?
True
Let l = 398 - -81. Is l prime?
True
Is 49/(-14)*(-12)/21 + 3737 prime?
True
Let c(a) = 43*a + 22. Let z = -14 - -16. Let w be 21/3 + z*1. Is c(w) a composite number?
False
Let a = 12203 + -6768. Is a prime?
False
Let s(z) = 113*z - 8. Let v(k) = -114*k + 7. Let a(p) = 3*s(p) + 2*v(p). Is a(11) prime?
False
Suppose 0 = 6*q - 109 + 649. Let g = 376 - q. Is g composite?
True
Suppose -2*u + 69 = -5*j, 3*u + 4*j = 2*u + 2. Let b = u + 367. Is b prime?
True
Is (1 + 21/(-14))*-62798 composite?
True
Is (6/(-1) + -3308)/(-2) a prime number?
True
Suppose 5*q + 1873 = -297. Let i(c) = -16*c**2 + 4*c - 7. Let t be i(4). Let o = t - q. Is o a prime number?
False
Suppose -4*i - 6030 = 2*b, 2*b + 6025 = -i - 4*i. Let g = -1798 - b. Is g a prime number?
False
Suppose 3*w - 4*u - 23 = 0, -11*w = -10*w + 4*u - 29. Let x = w + 328. Is x a prime number?
False
Suppose 12 = -c + 4*r, 0*c + r - 13 = -c. Let y(z) = 5*z - 14*z + 3*z - 13*z + c. Is y(-6) a composite number?
True
Is 1583*(-7)/(-21)*3 a prime number?
True
Let t be 15 + 3/(-3)*2. Let f = t + -11. Suppose -f*g + 141 = -g. Is g prime?
False
Suppose -6*l + 14 = -8*l. Let p(f) = -f - 9. Let a be p(l). Is (42/(-28))/(a/12) composite?
True
Let t(f) = -2608*f - 129. Is t(-17) prime?
True
Let o(h) = 2 + 39*h + 2 + 13. Is o(6) a composite number?
False
Suppose -10*r = -7*r. Suppose l = f + 43 - 673, 2*f - 5*l - 1245 = r. Is f a prime number?
False
Suppose 5*l - l = 0. Suppose -o = l, -4*o + 232 = -2*m - o. Is -4 + 5 + m/(-2) a composite number?
False
Let q(f) = f**3 + 23*f**2 - 21*f - 15. Let y be q(-23). Suppose k + 95 - y = 0. Is k a composite number?
False
Suppose 3039 = k - 2224. Is k composite?
True
Suppose -4*d = -2*b - 0*b - 1638, -4*d + 1628 = -4*b. Let o be 6*3/24 + 31559/76. Suppose 0*w - o = -v + w, -3*w + d = v. Is v a composite number?
True
Let g(w) = -34*w**2 + 5*w - 48. Let i be g(-14). Let b = -3619 - i. Is b a composite number?
False
Let v be (2 + -2)*3/(-3). Suppose 3*k - 1355 - 106 = v. Is k a composite number?
False
Suppose 5*n = -2*a + 197, -4*a + 4*n + 209 = -227. Let h = 265 - a. Is h composite?
True
Is (-18 + 1496/85)/((-2)/44630) a composite number?
True
Let z be ((-357)/6)/7*-28. Suppose -2*r + 76 = -z. Is r a prime number?
True
Is (52150 - (-7 - -15)) + 5 a composite number?
False
Let t(p) = 3*p - 7. Let z be t(3). Suppose -z*g = -g - 258. Let c = 419 - g. Is c a prime number?
False
Suppose 3*u - 4399 = -4*n, -u - u + 3299 = 3*n. Is n a prime number?
False
Let g be (0 + -1 + 398)*3. Let n = 1994 - g. Is n prime?
False
Let p(w) be the second derivative of -35*w**3/3 + 31*w**2/2 - 16*w. Is p(-7) composite?
False
Let l = 3568 + -1971. Is l a composite number?
False
Let t(r) = -3*r**2 + 3*r. Let w(z) = z**2 - z. Let m(f) = -4*t(f) - 11*w(f). Let q be m(4). Is (89/(-4))/((-3)/q) composite?
False
Is (-6 - 68/(-10)) + (-6582)/(-10) composite?
False
Let b(a) = 11939*a + 10. Is b(3) composite?
True
Suppose -242402 - 192661 = -5*c + 2*d, 0 = 3*c + 3*d - 261021. Is c prime?
True
Let c(a) = -398*a**3 + a**2 + 4*a + 2. Let g = 21 - 22. Is c(g) a prime number?
True
Suppose 27*m = 103163 + 42124. Is m a prime number?
True
Let k = -29 - -17. Let f be 4/(-6) + 2800/k. Let g = 1019 + f. Is g a prime number?
False
Suppose 21*w - 24*w + 27276 = 0. Suppose -10*m + w = -878. Is m a composite number?
False
Suppose 100*i - 79*i = 265251. Is i composite?
True
Let g be (-126)/(-26) - (-28)/182. Suppose 2*i - 1010 = -2*i + s, 0 = g*s - 10. Is i prime?
False
Let h be ((-9)/(-2))/(1/(-74)). Let t = 403 - -91. Let k = h + t. Is k prime?
False
Suppose 5*t - 149138 = -17*t. Is t prime?
True
Let m = 34 + -19. Let g = 5 + m. Is 3252/g + (-4)/(-10) prime?
True
Suppose n + 9 = 16. Suppose 8*g = n*g + 355. Suppose 4*c - 601 = g. Is c a composite number?
False
Suppose 17949 = 3*z + 20*b - 22*b, 0 = -2*z - 5*b + 11947. Is z a composite number?
False
Let u(y) be the first derivative of 193*y**3/3 + y**2 + 7*y - 2. Let g be u(-5). Suppose -7*c - 27 = -g. Is c prime?
False
Let j(p) = -82*p + 1. Let b(w) = -w + 1. Let c(i) = -2*b(i) + j(i). Let f be (1 - 0) + (-5)/1. Is c(f) composite?
True
Let t(i) = 6*i**3 - 6*i**2 + 11*i + 264. Let z(c) = -c**3 + c**2 - 2*c - 53. Let r(w) = -2*t(w) - 11*z(w). Let s be r(0). Let u = s + 2. Is u composite?
True
Suppose 0 = -2*q - h - 40 + 141, 5*q - 257 = 2*h. Suppose 4*p - p + 39 = 0. Is (p + 2)/((-3)/q) a composite number?
True
Is (((-30790)/(-6))/5 - 0)*3 prime?
True
Let o be (25/5 - 23) + 2. Is 819/5 - o/(-20) a prime number?
True
Let v(m) = m**2 - m + 16. Let t be v(0). Suppose -5*s = -9 - t. Suppose -5*y - s*k + 1440 = 0, 6*k - 284 = -y + k. Is y a composite number?
True
Suppose 2*k - k + 3*y = -605, 2*k = -2*y - 1206. Let p = k - -975. Is p a prime number?
True
Let u = 41 - 41. Is (-3 - -380) + u/5 composite?
True
Is ((-1)/(-4))/((-5)/(-2780)) composite?
False
Let k = 5 + 3. Is 982*(2 + -3)*k/(-16) a composite number?
False
Let j(c) = -23*c - 22. Let k be j(10). Let p = 623 + k. Is p a prime number?
False
Let a(q) be the third derivative of q**6/120 - q**5/12 + q**4/4 + q**3/6 - 11*q**2. Is a(5) prime?
True
Let l = 125 - 60. Suppose 4*p = p. Suppose -u + l = -p*u. Is u a composite number?
True
Let m(o) = 2*o - 4. Let j be m(2). Suppose -4*i + 3*w + j + 14 = 0, i = -w + 7. Suppose 0 = i*n - 2647 + 882. Is n prime?
True
Is 106/4*(-2180)/(20/(-2)) composite?
True
Let b(y) = -2*y**3 - 6*y**2 + 9*y - 3. Suppose -12 - 12 = 4*d. Is b(d) a prime number?
False
Let g = 1592 - 942. Suppose -3*h - 9 = 0, 0 = 4*v + 3*h + 63 - g. Is v prime?
True
Suppose -6*o + 5*o = -143. Let l = 58 + o. Is l a composite number?
True
Suppose -60*r + 84116 = -56*r. Is r prime?
False
Suppose -1124 = 7*j - 3*j + 3*i, 0 = 3*j - 3*i + 864. Let b = 2521 + j. Is b a composite number?
False
Suppose -6*h + 9383 = -8839. Is h composite?
False
Let g(r) be the second derivative of 65*r**3/6 + 12*r**2 - 23*r. Is g(7) a composite number?
False
Let u = -23817 - -9492. Let r = 20209 + u. Suppose x + 3*x = r. Is x composite?
False